f 218 and 3059521?
109
What is the greatest common divisor of 2349833 and 226033?
1517
What is the greatest common divisor of 107499 and 8967?
21
Calculate the highest common factor of 20120968 and 3528.
392
Calculate the greatest common factor of 17191423 and 3854.
41
What is the greatest common factor of 154777960 and 766?
766
Calculate the greatest common factor of 14084829 and 198.
99
What is the greatest common divisor of 26163 and 190043?
17
What is the greatest common factor of 18348996 and 60?
12
What is the greatest common factor of 868 and 38898986?
434
What is the greatest common divisor of 20583 and 1161?
9
What is the greatest common factor of 166 and 85800586?
166
Calculate the greatest common divisor of 7008242 and 11540.
1154
What is the greatest common factor of 296013 and 4503?
237
Calculate the highest common factor of 7592 and 1761136.
104
Calculate the greatest common factor of 3365 and 22962760.
3365
What is the greatest common divisor of 36072027 and 9315?
621
Calculate the greatest common divisor of 189336304 and 1168.
1168
Calculate the highest common factor of 14399 and 1899359.
1309
Calculate the highest common factor of 1278 and 233559.
9
What is the greatest common factor of 27323873 and 12596?
3149
Calculate the highest common divisor of 21222 and 1130268.
786
Calculate the highest common divisor of 1390 and 167630.
10
What is the highest common divisor of 234890 and 548630?
830
Calculate the highest common divisor of 514432 and 160.
32
Calculate the highest common divisor of 46182 and 568504.
358
Calculate the greatest common factor of 17369185 and 6999.
2333
Calculate the highest common factor of 322033 and 19829.
251
What is the greatest common factor of 8352 and 2192596272?
4176
Calculate the greatest common divisor of 1140 and 1724972.
76
What is the highest common divisor of 3028384 and 544?
32
What is the highest common factor of 1247251 and 23842?
131
What is the greatest common factor of 56675 and 44712041?
2267
What is the highest common divisor of 31382398 and 268?
134
Calculate the greatest common divisor of 1944 and 388008.
72
What is the highest common divisor of 1350 and 37343970?
270
What is the greatest common divisor of 3157 and 631926317?
451
Calculate the greatest common factor of 843 and 1082737960.
281
Calculate the highest common factor of 102 and 12397626.
6
What is the highest common factor of 101 and 19114957?
101
Calculate the highest common factor of 4581177 and 2091.
51
What is the greatest common divisor of 49344 and 23826984?
6168
Calculate the highest common factor of 718600 and 970.
10
Calculate the greatest common divisor of 1510 and 1774209230.
1510
Calculate the greatest common factor of 9 and 414471.
3
What is the greatest common factor of 869400 and 165480?
840
What is the greatest common divisor of 272 and 13642832?
16
Calculate the greatest common divisor of 26928 and 258625488.
8976
Calculate the greatest common divisor of 314167 and 137613637.
8491
Calculate the greatest common divisor of 5096 and 690872.
728
What is the greatest common factor of 580609640 and 160?
40
Calculate the highest common divisor of 200764314 and 428.
214
Calculate the highest common divisor of 30230 and 515900.
10
Calculate the greatest common factor of 52 and 36060284.
52
What is the highest common factor of 70 and 178077865?
35
What is the greatest common divisor of 5530850 and 13546?
26
Calculate the greatest common divisor of 611 and 277511.
13
Calculate the greatest common divisor of 2190 and 1619943.
219
What is the greatest common divisor of 1609905 and 337590?
1815
Calculate the greatest common factor of 127767939 and 7917.
1131
Calculate the greatest common divisor of 267 and 2107431.
267
What is the greatest common factor of 190 and 74194810?
190
What is the highest common factor of 6006 and 1045506?
462
Calculate the highest common divisor of 408 and 5312652.
12
What is the greatest common divisor of 11003072 and 64?
64
Calculate the highest common factor of 269052 and 6972.
84
What is the greatest common divisor of 136430884 and 8?
4
Calculate the greatest common factor of 23294 and 94889948.
1226
Calculate the greatest common factor of 990 and 13699510.
110
What is the greatest common divisor of 1917532 and 343604?
11084
What is the highest common factor of 57151 and 310813?
67
What is the greatest common factor of 120455 and 1255?
5
Calculate the greatest common factor of 24 and 25447572.
12
What is the highest common divisor of 413160 and 23690970?
9390
Calculate the highest common divisor of 144102 and 590884.
658
Calculate the highest common factor of 12465 and 174667890.
4155
Calculate the greatest common factor of 20 and 22195590.
10
What is the highest common factor of 3847504 and 135992?
1528
What is the greatest common factor of 6430030 and 2870?
410
Calculate the highest common factor of 40971488 and 1888.
1888
What is the highest common factor of 438 and 581307906?
438
What is the greatest common factor of 711 and 919154967?
237
Calculate the highest common factor of 1314374 and 2.
2
What is the highest common divisor of 1200686021 and 2342?
1171
Calculate the highest common factor of 13425 and 9112353.
537
What is the greatest common divisor of 12977191 and 2?
1
What is the highest common factor of 7541704 and 21976?
328
What is the greatest common factor of 2148 and 236601842?
358
What is the greatest common factor of 82420 and 253891640?
6340
Calculate the highest common divisor of 5 and 58738885.
5
What is the highest common factor of 180675237 and 19?
19
What is the highest common divisor of 78875 and 28375?
125
Calculate the highest common divisor of 5765 and 318268355.
5765
Calculate the greatest common divisor of 1244 and 56384.
4
Calculate the highest common divisor of 145 and 163003606.
29
Calculate the highest common factor of 363 and 2292169.
11
What is the greatest common divisor of 181232 and 427052?
964
Calculate the highest common divisor of 8717 and 26666440.
379
Calculate the greatest common factor of 9089 and 7381.
61
What is the greatest common factor of 16971070 and 160?
10
Calculate the highest common factor of 4818 and 130875349.
803
Calculate the greatest common factor of 186 and 126653.
1
Calculate the greatest common divisor of 14566650 and 87150.
1050
What is the greatest common divisor of 196 and 16279564?
196
What is the greatest common divisor of 182 and 4289194?
182
Calculate the greatest common factor of 46844273 and 959.
959
What is the greatest common factor of 60 and 15943644?
12
What is the highest common divisor of 15403 and 1292164?
211
Calculate the highest common factor of 9450 and 541600.
50
What is the greatest common factor of 630978 and 39552?
618
Calculate the greatest common divisor of 7868497 and 28.
7
What is the greatest common factor of 857822296 and 3418?
3418
What is the greatest common factor of 6945 and 53367695?
2315
Calculate the highest common divisor of 697 and 9885961.
41
Calculate the highest common factor of 840006 and 173466.
414
What is the greatest common divisor of 72619049 and 1851?
617
Calculate the highest common factor of 433 and 332063803.
433
What is the highest common factor of 24443125 and 755?
755
Calculate the greatest common divisor of 17216 and 769609.
269
Calculate the greatest common factor of 829524960 and 495.
495
What is the highest common factor of 840967775 and 28450?
14225
What is the highest common factor of 1750364 and 132?
44
Calculate the highest common divisor of 141676615 and 430.
215
What is the greatest common factor of 1624 and 1339597?
203
Calculate the greatest common factor of 3552 and 1897212.
444
What is the greatest common factor of 3283956 and 130?
26
Calculate the highest common divisor of 434156 and 843184.
1396
Calculate the highest common divisor of 1846 and 95417255.
71
What is the highest common factor of 48757071 and 16456?
2057
Calculate the greatest common factor of 49185 and 212408155.
5465
Calculate the greatest common factor of 13804715 and 368.
23
What is the highest common factor of 5412 and 92251148?
1804
What is the highest common factor of 5504184 and 652?
652
What is the greatest common divisor of 10877486 and 29371?
1277
What is the highest common div